-368 = 9*q - z*q. What is the units digit of q?
4
Suppose 3*o + 3*r = 1749, -4*r + 1754 = 2*o + o. Let j be (1*-23)/((-4)/(-66 - -6)). Let k = o + j. What is the hundreds digit of k?
2
Suppose 0*q = 3*q - 3*n - 30, q - 2*n = 9. Suppose q*y - 10*y - 4*d = 182, -4*y + 5*d = -684. What is the hundreds digit of y?
1
Let g(f) = 30*f**3 + 9*f**2 + 131*f - 1281. What is the thousands digit of g(11)?
1
Let a(m) = 12 - 18 - 36 - 50*m. What is the tens digit of a(-5)?
0
Suppose -i + 23 = -20. Let r be (1 - -1) + (i - -7). Suppose m + 4*m + 104 = 2*q, -q = 2*m - r. What is the units digit of q?
2
Suppose 2*w - 105 = -3*w - 2*z, -42 = -2*w + 4*z. Let i be (18/w)/3 - (-69)/(-21). What is the tens digit of (100/6)/(-1 + (-4)/i)?
5
Let z(u) = u**2 + 2*u - 7. Let t be z(6). Let s(b) = -2*b**2 + 49*b + 43. Let h be s(23). Let j = h - t. What is the units digit of j?
1
Let z(u) = -u**3 + 9*u**2 - u - 17. Suppose 2*i - 4*t + 2 = 36, 5*i - 5*t = 100. Suppose -18*a - 25 = -i*a. What is the units digit of z(a)?
8
Let i(b) = -2*b**3 - 24*b**2 - 77*b - 84. What is the tens digit of i(-18)?
9
Let n(w) = -269*w**3 + 4*w**2 - 13*w - 75. What is the tens digit of n(-3)?
6
Let d(v) = 1374*v**3 - 3*v**2 + 5*v - 8. What is the hundreds digit of d(2)?
9
Let p be 13/39*-1266 + 2/1. Let k = -365 - p. What is the units digit of k?
5
Let n(m) = 31*m + 1. Let w be n(2). Let p(f) = w - 3*f - 2*f - 3*f**3 + 2*f**3 + 6*f. What is the tens digit of p(0)?
6
Let u(r) = -r - 7. Let j be ((-30)/(-4))/(12/(-32)*2). Let s be u(j). Suppose 2*w + w - s*v - 147 = 0, 5*v - 91 = -2*w. What is the units digit of w?
8
Suppose n + 5 = v, -4*n + 10*v - 28 = 14*v. What is the units digit of 8/12 - (0 + 6218/n)?
7
Suppose -4*m - l + 3674 = l, 4555 = 5*m - 5*l. Suppose -3*p - 4*d = -m, -56*d + 639 = 2*p - 59*d. What is the tens digit of p?
1
Let k = -85 + 101. Suppose 45*o = 49*o - k. What is the tens digit of (-4 - (-4 - 260)) + o?
6
Let r = 107 + -200. Let o = 108 + r. What is the units digit of o?
5
Let i be (-44)/(-6)*(2 + 4). Let t = i + -40. Suppose n = 4*u + 60 + 20, -t*n + 301 = 3*u. What is the units digit of n?
6
Suppose -2*m - 2*m + 2*a + 82 = 0, 0 = 2*m + a - 39. Let j be (-55)/4*72/m*274. What is the tens digit of (-4)/14 - j/63?
1
Let x(p) = -62*p**3 + 16*p**2 - 4*p + 6. What is the tens digit of x(-5)?
7
Let q(k) = k**3 - 4*k**2 - 5*k + 2. Let g be q(5). Let h(w) = -g + 46*w - 25*w + 1 + 23*w. What is the units digit of h(1)?
3
What is the tens digit of 370*3/75*335?
5
Let s be 3 + 9*(16/12)/4. Let m be 9/s*(-78)/(-9). Suppose m*j + 60 - 606 = 0. What is the units digit of j?
2
Suppose 0 = 74*b - 149*b + 82*b - 28427. What is the hundreds digit of b?
0
Let s = -55 + 52. Let k be s*1*(-9)/(-27). What is the units digit of 0 + 100 + 0/k?
0
Let h(c) = c**3 + 10*c**2 + 17*c + 2. Let q be h(-8). Let y be 21/28 + 42/8. What is the units digit of 28/q*y/(-4)?
7
Let m(h) = -11*h**2 + 7*h - 1. Let j be m(-3). Let p = j + 261. Suppose 4*q + 4*x - p = 0, 3*x = q + x - 26. What is the units digit of q?
2
Let j(d) = -18*d + 13. Let z be j(6). Let s = 102 + -131. Let i = s - z. What is the units digit of i?
6
Let q(k) = 6158*k**3 + k**2 - 2*k. What is the thousands digit of q(1)?
6
Let x(f) = -f**2 + 12*f - 2. Let g be x(11). Suppose 0 = o - g - 12. Suppose 0 = -2*u + 151 - o. What is the units digit of u?
5
Let s(t) be the second derivative of -t**4/12 + 65*t**3/6 - 61*t**2 - 55*t. What is the units digit of s(46)?
2
Suppose 0 = 5*x - 5*t + 30, 4*x - 9 = -5*t + 3. Let i(z) = -222*z - 32. What is the hundreds digit of i(x)?
4
Suppose -458330 = -87*z + 22906 + 170220. What is the tens digit of z?
8
Suppose 1 - 33 = -o. Suppose -2*j = 4*i + o, 2*j - 4*i - 8 = -0*j. Let h(l) = -7*l + 13. What is the units digit of h(j)?
5
Let y(j) = -11*j - 169. Let q be y(15). Let r = q - -835. What is the hundreds digit of r?
5
What is the ten thousands digit of (-1 - 37981/(-2)) + (-33)/(-44)*-2?
1
Suppose 0 = -8*h + 20 + 36. Suppose 0 = 6*n - 11 - h. Suppose -n*r - 4*z + 4 + 3 = 0, -r + 5*z = 4. What is the units digit of r?
1
Let k = -25480 + 67052. What is the ten thousands digit of k?
4
Let f = 413 - -1081. What is the thousands digit of f?
1
Let q(c) = -7*c + 19. Let r be q(-7). Suppose -5*s + i = -1412, 3*i + 1132 = 4*s + i. Suppose s = u + r. What is the units digit of u?
4
Let t(k) = k**2 + 31*k - 245. What is the hundreds digit of t(-46)?
4
Let j = -950 + 2674. What is the tens digit of j?
2
Suppose 87196 = -0*o + 5*o - 58069. What is the hundreds digit of o?
0
Let j be 60*11/((-66)/(-8)). Suppose -13*b = -9*b - j. Suppose w = 206 - b. What is the tens digit of w?
8
Let y = -242 + 244. Suppose 605 = y*h + 3*c, h = 5*h + 4*c - 1208. What is the tens digit of h?
0
Let p be ((-56 - -1) + -1)*(-50 - -42). Suppose 1029 + p = 7*b. Suppose 0*a + a + v - b = 0, 5*v = 25. What is the units digit of a?
6
Let m(n) = -42*n + 82. Let l be m(-16). Let h = l + -412. What is the hundreds digit of h?
3
Suppose -2*a + 12 = 4*y, -7*a + 8 = -4*a + 4*y. Let n(v) = -52 + 15*v + 32 - 28*v. What is the units digit of n(a)?
2
Let y(w) = -82*w - 100. Let h be y(-2). Let k be 4/6 - (-14)/6. Suppose -3*m - 4*p - h = -162, -4*m - k*p = -133. What is the tens digit of m?
3
Let o(q) = -q - 6. Let i be o(-3). Let c be i*-2*2/4. Suppose 0 = c*p - 4*p + 68. What is the tens digit of p?
6
Let i(n) = n**3 + 14*n**2 + n + 25. Let w be i(-14). Suppose 0 = w*z - 4*z - 5166. What is the hundreds digit of 2/(-3)*z/(-4)?
1
What is the thousands digit of ((-54)/9 + (-111294)/5)/((-36)/120)?
4
Let x be 4/((-28)/(-24) - 1). Let w(z) = 20*z + 81. Let m be w(x). What is the tens digit of (-1)/3 + m/9?
6
Suppose l - 60 - 90 = 4*r, 0 = l - 2*r - 148. Suppose -4*f = 3*u - l, 5*u - 2*f = -3*f + 232. What is the tens digit of u?
4
Let z(y) = 24*y**2 - 4*y - 15. Let r be 14/(-4)*5/((-35)/12). What is the tens digit of z(r)?
2
Let t(m) = -m**2 + 21*m - 50. Let s be t(18). Suppose o + 4*x - 518 = 0, 0 = -s*o - x + 4*x + 2072. What is the units digit of o?
8
Let y = 56274 + -23157. What is the thousands digit of y?
3
Let r(g) = 12*g**2 - 12*g - 23. Let m be r(10). Let c = m + -545. What is the units digit of c?
2
Suppose -31*a + 54*a = 55*a - 58656. What is the tens digit of a?
3
Let x be (-20)/8*(7/(-5) + (2 - 3)). Suppose -4*b + 6 = -2*b. Suppose -x = b*t, -h + 4*t = 2*h - 50. What is the units digit of h?
4
Suppose -40*a + 492003 = 147443. What is the tens digit of a?
1
Let h(p) = -p**3 + 22*p**2 - 22*p + 21. Let t be h(21). Suppose t = -2*o - 21 - 11. What is the tens digit of -2*(-2)/(-16) + (-836)/o?
5
Let s be (157/2)/(0 - (-3)/(-12)). Let h = s + 794. Suppose -7*i + 10*i - h = 0. What is the tens digit of i?
6
Let h(q) = 27*q - 81. Let c(u) = -4*u + 11. Let f(d) = -15*c(d) - 2*h(d). Suppose 0 = -5*n - 2 + 7. What is the units digit of f(n)?
3
Suppose 2*h + 10 = 2*i, -2*h + 5*h + 15 = 0. Suppose -5*y = -3*k + 692, k + i*k = 4*y + 226. What is the tens digit of (k/(-15))/(2/(-10))?
7
Suppose 4*t = 20, -3*g + 85 = -5*g - t. What is the tens digit of ((-30)/g)/(4/1734)?
8
Suppose 83*u - 1998059 = -533607. What is the ten thousands digit of u?
1
Let b = -3049 + 3664. What is the tens digit of b?
1
Suppose 3*v - 957 = 4*b + 4*v, b + 237 = -v. Let r = b + 386. Suppose r = 4*i - 86. What is the units digit of i?
8
Let w = 7456 + -6109. What is the units digit of w?
7
Suppose -132744 = -4*x + 173*m - 177*m, 5*x + m = 165966. What is the ten thousands digit of x?
3
Suppose -21*r = -379964 + 10980 - 289177. What is the tens digit of r?
4
Let x = 2731 - 1557. Let w = x + 17. What is the hundreds digit of w?
1
Suppose 161*y - 1413362 = 1378128 - 691567. What is the ten thousands digit of y?
1
What is the hundreds digit of (98/6)/(7/6783) - (-13 + 5)?
8
Let b = 283 + -286. What is the units digit of 4672/(-2)*(b + 30/12)?
8
Suppose -2*b - 3 = 9. What is the tens digit of 16/b*2862/(-12)?
3
Let k(w) = -w**2 - 9*w - 15. Let j be k(-6). Suppose -5*v = -0*i - j*i - 1760, v - 352 = 3*i. What is the units digit of (33/4)/(33/v)?
8
Let w(t) = 2*t - 2. Let d be w(3). Suppose -o = -2*i + 867, -i - 5*o = -d*i + 1290. What is the hundreds digit of i?
4
Suppose 52 = 4*p + 16. Let s(h) = h**3 - 11*h**2 + 8*h - 4. Let d be s(p). Let b = d - -145. What is the tens digit of b?
5
